{"id":2113,"date":"2020-01-04T12:58:23","date_gmt":"2020-01-04T11:58:23","guid":{"rendered":"https:\/\/csbybaldaquino.com\/?page_id=2113"},"modified":"2022-01-25T17:39:28","modified_gmt":"2022-01-25T16:39:28","slug":"politica-privacidad","status":"publish","type":"page","link":"https:\/\/csbybaldaquino.com\/wordpress\/politica-privacidad\/","title":{"rendered":"Pol\u00edtica de Privacidad"},"content":{"rendered":"<div class=\"wpb-content-wrapper\"><p>[vc_row row_type=\u00bbrow\u00bb use_row_as_full_screen_section=\u00bbno\u00bb type=\u00bbfull_width\u00bb text_align=\u00bbleft\u00bb background_animation=\u00bbnone\u00bb css_animation=\u00bb\u00bb][vc_column width=\u00bb1\/6&#8243;][\/vc_column][vc_column width=\u00bb2\/3&#8243;][vc_row_inner row_type=\u00bbrow\u00bb type=\u00bbfull_width\u00bb use_row_as_full_screen_section_slide=\u00bbno\u00bb text_align=\u00bbleft\u00bb css_animation=\u00bb\u00bb][vc_column_inner][vc_column_text]Se hace constar que las presentes condiciones se han definido por parte de CS by Baldaquino con ubicaci\u00f3n en c\/Coso 157, 50001 Zaragoza, \u00a0C.I.F.: B96282611, en adelante CS by Baldaquino para su web www.csbybaldaquino.com<\/p>\n<p>La visita a esta web site no supone que el usuario est\u00e9 obligado a facilitar ninguna informaci\u00f3n sobre s\u00ed mismo. En el caso de que proporcione el usuario alguna informaci\u00f3n de car\u00e1cter personal, los datos recogidos ser\u00e1n utilizados con la finalidad, en la forma y con las limitaciones y derechos que recoge la Ley Org\u00e1nica 15\/1999, de Protecci\u00f3n de Datos de Car\u00e1cter Personal.\u2028\u2028Las finalidades para las cuales ser\u00e1n recabados los datos se especificar\u00e1n en el propio formulario de datos, incluyendo la gesti\u00f3n del alta como usuario, env\u00edo de informaci\u00f3n comercial de futuras campa\u00f1as, productos y\/o servicios por correo postal o por medios electr\u00f3nicos, incluyendo SMS, as\u00ed como la realizaci\u00f3n de encuestas. Los usuarios que faciliten datos de car\u00e1cter personal, consienten inequ\u00edvocamente la incorporaci\u00f3n de sus datos en un fichero de los que sea responsable CS by Baldaquino\u00a0, as\u00ed como el tratamiento informatizado o no de los mismos.<\/p>\n<p>En cumplimiento de lo establecido en el Reglamento (UE) 2016\/679 del Parlamento Europeo y del\u00a0Consejo de 27 de abril de 2016 relativo a la protecci\u00f3n de las personas f\u00edsicas en lo que respecta al\u00a0tratamiento de datos personales y a la libre circulaci\u00f3n de estos, as\u00ed como cualquier otra normativa\u00a0aplicable en materia de Protecci\u00f3n de Datos, les facilitamos informaci\u00f3n ampliada en la presente Pol\u00edtica\u00a0de Privacidad.<\/p>\n<p>Al contratar nuestros servicios est\u00e1s aceptando nuestras Pol\u00edtica de Privacidad.<\/p>\n<p>&nbsp;<\/p>\n<h3><strong>Qui\u00e9n es el responsable del tratamiento de tus datos:<\/strong><\/h3>\n<p>Grupo Adajo S.L. (en adelante CS by Baldaquino)\u00a0CIF B96282611 y\u00a0direcci\u00f3n Postal: C\/ Coso N\u00ba 157 \u00a0\u2013 50001 \u00a0Zaragoza (ESPA\u00d1A).<\/p>\n<p>Cada usuario de la web es el \u00fanico responsable de que los datos que remite a STDP sean veraces y correctos, y por tanto STDP no tiene responsabilidad alguna sobre los datos que reciba.<\/p>\n<h3><\/h3>\n<h3><strong>Informaci\u00f3n recogida<\/strong><\/h3>\n<p>Incorporaremos los datos personales que nos facilites a nuestros sistemas de informaci\u00f3n con las siguientes finalidades:<\/p>\n<p><strong>1. En el caso de comentarios en el blog o en productos<\/strong>, para que aparezcan publicados en dicho apartado.<\/p>\n<p><strong>2. En el caso de que solicites informaci\u00f3n mediante los formularios de la web o por email<\/strong> a alguna de nuestras direcciones de correo electr\u00f3nico, para enviarte informaci\u00f3n sobre la consulta realizada.<\/p>\n<p><strong>3. En el caso de que optes por suscribirte a nuestra newsletter<\/strong>, para enviarte boletines (newsletters), as\u00ed como comunicaciones comerciales de promociones y\/o publicidad de CS by Baldaquino. Si adem\u00e1s te apuntas a la newsletter para descargarte alg\u00fan contenido gratuito que hayamos creado como incentivo, recibir\u00e1s dicho contenido al apuntarte, adem\u00e1s de quedar suscrito a nuestra newsletter como indicaremos oportunamente.\u00a0No te preocupes que siempre podr\u00e1s elegir recibir o no estos correos, ya que en cada uno de ellos tendr\u00e1s la opci\u00f3n de darte de baja. Los datos facilitados en nuestra <em>newsletter<\/em>, en el proceso compra en nuestra tienda online o mediante el env\u00edo de e-mails a <strong>ventas@elrincondecoracion.com<\/strong>\u00a0nunca se ceder\u00e1n a terceros ajenos, salvo en lo estrictamente necesario para la gesti\u00f3n del tratamiento. Prestando el consentimiento a la suscripci\u00f3n, la persona consiente que sus datos personales sean almacenados en proveedores ubicados en Estados Unidos de Am\u00e9rica (Mailchimp).<\/p>\n<p><strong>4. Hay determinados proveedores externos que tendr\u00e1n acceso a tus datos personales.<\/strong>\u00a0\u00danicamente tendr\u00e1n acceso en la medida en que sean necesario para prestar servicios a CS by Baldaquino. Por ejemplo, la empresa de mensajer\u00eda para poder realizarte el env\u00edo correspondiente a tu compra, nuestro equipo de desarrollo web o nuestros asesores legales podr\u00edan, puntualmente, tener acceso a los datos de nuestros usuarios. La entidad responsable de la base de datos, hosting, as\u00ed como los que intervengan en cualquier fase del tratamiento y\/o las entidades a quienes se los haya comunicado, est\u00e1n obligadas a observar secreto profesional y a la adopci\u00f3n de los niveles de protecci\u00f3n y las medidas t\u00e9cnicas y organizativas necesarias a su alcance para garantizar la seguridad de los datos de car\u00e1cter personal.<\/p>\n<p><strong>5. Enlaces a p\u00e1ginas de terceros:<\/strong> En nuestra web encontrar\u00e1s enlaces a otras webs o redes sociales cuyas pol\u00edticas de privacidad ser\u00e1n diferentes de \u00e9sta que est\u00e1s leyendo. Si incluyes datos personales en dichas p\u00e1ginas, te recomendamos que leas previamente sus pol\u00edticas de privacidad respectivas para estar informado.<\/p>\n<p><strong>6. Pol\u00edtica de Cookies:<\/strong> Hay aplicaciones como el bot\u00f3n de Pinterest que podr\u00edan registrar informaci\u00f3n sobre tu direcci\u00f3n IP, adem\u00e1s de dejar una cookie para funcionar correctamente. Recuerda que puedes leer nuestra <a><strong>Pol\u00edtica de Cookies <\/strong><\/a>y que la interacci\u00f3n con otras aplicaciones y redes sociales en la web se rige por las pol\u00edticas de privacidad de las empresas que ofrecen dicho servicio.<\/p>\n<h3><strong>Por cu\u00e1nto tiempo conservaremos sus datos:<\/strong><\/h3>\n<div class=\"wpb_text_column wpb_content_element \">\n<div class=\"wpb_wrapper\">\n<section class=\"row \">\n<div class=\"spb_content_element col-sm-12 spb_text_column\">\n<div class=\"spb-asset-content\">\n<p>Los datos personales proporcionados se conservar\u00e1n por el tiempo imprescindible \u00a0y durante los plazos legalmente\u00a0establecidos.\u00a0O <span class=\"btlabel bluth green\">hasta que pidas que se eliminen.<\/span><\/p>\n<p>&nbsp;<\/p>\n<h3><strong>Cu\u00e1l es la legitimaci\u00f3n para el tratamiento de sus datos:<\/strong><\/h3>\n<p>La base legal para el tratamiento de sus datos es el consentimiento del interesado.<\/p>\n<p>&nbsp;<\/p>\n<h3><strong>A qu\u00e9 destinatarios se comunicar\u00e1n sus datos:<\/strong><\/h3>\n<p>Los datos no se comunicar\u00e1n a terceros salvo obligaci\u00f3n legal.<\/p>\n<p>&nbsp;<\/p>\n<h3><strong>Cu\u00e1les son sus derechos cuando nos facilita sus datos:<\/strong><\/h3>\n<p>Cualquier persona tiene derecho a obtener informaci\u00f3n sobre si CS by Baldaquino estamos tratando datos\u00a0personales que les conciernan, o no.<\/p>\n<p>Las personas interesadas tienen derecho a acceder a sus datos personales, as\u00ed como a solicitar la\u00a0rectificaci\u00f3n de los datos inexactos o, en su caso, solicitar su supresi\u00f3n cuando, entre otros motivos, los\u00a0datos ya no sean necesarios para los fines que fueron recogidos.<\/p>\n<p>En determinadas circunstancias, los interesados podr\u00e1n solicitar la limitaci\u00f3n del tratamiento de sus\u00a0datos, en cuyo caso \u00fanicamente los conservaremos para el ejercicio o la defensa de reclamaciones.<\/p>\n<p>En determinadas circunstancias y por motivos relacionados con su situaci\u00f3n particular, los interesados\u00a0podr\u00e1n oponerse al tratamiento de sus datos. En este caso, CS by Baldaquino dejar\u00e1 de tratar los datos,\u00a0salvo por motivos leg\u00edtimos imperiosos, o el ejercicio o la defensa de posibles reclamaciones.<\/p>\n<p>Podr\u00e1 ejercitar materialmente sus derechos enviando un correo electr\u00f3nico a hola@estudiolimon.es\u00a0identific\u00e1ndose debidamente e indicando de forma expresa el concreto\u00a0derecho que se quiere ejercer.<\/p>\n<p>Si ha otorgado su consentimiento para alguna finalidad concreta, tiene derecho a retirar el\u00a0consentimiento otorgado en cualquier momento, sin que ello afecte a la licitud del tratamiento basado\u00a0en el consentimiento previo a su retirada.<\/p>\n<p>En caso de que sienta vulnerados sus derechos en lo concerniente a la protecci\u00f3n de sus datos\u00a0personales, especialmente cuando no haya obtenido satisfacci\u00f3n en el ejercicio de sus derechos, puede\u00a0presentar una reclamaci\u00f3n ante la Autoridad de Control en materia de Protecci\u00f3n de Datos competente\u00a0a trav\u00e9s de su sitio web: www.agpd.es<\/p>\n<p>&nbsp;<\/p>\n<h3><strong>M\u00e1s informaci\u00f3n sobre el tratamiento de sus datos:<\/strong><\/h3>\n<p>Cuando precisemos obtener informaci\u00f3n por su parte, siempre le solicitaremos que nos la proporcione\u00a0voluntariamente prestando su consentimiento de forma expresa a trav\u00e9s de los medios habilitados para\u00a0ello.<\/p>\n<p>El tratamiento de los datos recabados a trav\u00e9s de los formularios de recogida de datos del sitio web u\u00a0otras v\u00edas, quedar\u00e1 incorporado al Registro de Actividades de Tratamiento del cual es responsable CS by Baldaquino.<\/p>\n<p>CS by Baldaquino trata los datos de forma confidencial y adopta las medidas t\u00e9cnicas y organizativas\u00a0apropiadas para garantizar el nivel de seguridad adecuado al tratamiento, en cumplimiento de lo\u00a0requerido por el Reglamento (UE) 2016\/679 del Parlamento Europeo y del Consejo de 27 de abril de\u00a02016 y dem\u00e1s normativa aplicable en materia de Protecci\u00f3n de Datos.<\/p>\n<p>No obstante, CS by Baldaquino no puede garantizar la absoluta invulnerabilidad de los sistemas, por tanto, no asume ninguna responsabilidad por los da\u00f1os y perjuicios derivados de alteraciones que terceros\u00a0puedan causar en los sistemas inform\u00e1ticos, documentos electr\u00f3nicos o ficheros del usuario.<\/p>\n<p>Si opta por abandonar nuestro sitio web a trav\u00e9s de enlaces a sitios web no pertenecientes a nuestra\u00a0entidad, CS by Baldaquino no se har\u00e1 responsable de las pol\u00edticas de privacidad de dichos sitios web ni de\u00a0las cookies que \u00e9stos puedan almacenar en el ordenador del usuario.<\/p>\n<p>Nuestra pol\u00edtica con respecto al env\u00edo de nuestros correos electr\u00f3nicos se centra en remitir \u00fanicamente\u00a0comunicaciones que usted haya solicitado recibir.<\/p>\n<p>Si prefiere no recibir estos mensajes por correo\u00a0electr\u00f3nico le ofreceremos a trav\u00e9s de los mismos la posibilidad de ejercer su derecho de supresi\u00f3n y\u00a0renuncia a la recepci\u00f3n de estos mensajes, en conformidad con lo dispuesto en el T\u00edtulo III, art\u00edculo 22\u00a0de la Ley 34\/2002, de Servicios para la Sociedad de la Informaci\u00f3n y de Comercio Electr\u00f3nico.<\/p>\n<\/div>\n<\/div>\n<\/section>\n<\/div>\n<\/div>\n<p>Como usuario, recuerda que puedes oponerte al env\u00edo de comunicaciones comerciales por cualquier v\u00eda y en cualquier momento, remitiendo un correo electr\u00f3nico a <strong>ventas@elrincondecoracion.com<\/strong>.[\/vc_column_text][vc_empty_space][\/vc_column_inner][\/vc_row_inner][vc_empty_space height=\u00bb52px\u00bb][\/vc_column][vc_column width=\u00bb1\/6&#8243;][\/vc_column][\/vc_row]<\/p>\n<\/div>","protected":false},"excerpt":{"rendered":"<p>[vc_row row_type=\u00bbrow\u00bb use_row_as_full_screen_section=\u00bbno\u00bb type=\u00bbfull_width\u00bb text_align=\u00bbleft\u00bb background_animation=\u00bbnone\u00bb css_animation=\u00bb\u00bb][vc_column width=\u00bb1\/6&#8243;][\/vc_column][vc_column width=\u00bb2\/3&#8243;][vc_row_inner row_type=\u00bbrow\u00bb type=\u00bbfull_width\u00bb use_row_as_full_screen_section_slide=\u00bbno\u00bb text_align=\u00bbleft\u00bb css_animation=\u00bb\u00bb][vc_column_inner][vc_column_text]Se hace constar que las presentes condiciones se han definido por parte de CS by Baldaquino con&hellip;<\/p>\n","protected":false},"author":3,"featured_media":0,"parent":0,"menu_order":0,"comment_status":"closed","ping_status":"closed","template":"","meta":{"_monsterinsights_skip_tracking":false,"_monsterinsights_sitenote_active":false,"_monsterinsights_sitenote_note":"","_monsterinsights_sitenote_category":0,"footnotes":""},"class_list":["post-2113","page","type-page","status-publish","hentry"],"_links":{"self":[{"href":"https:\/\/csbybaldaquino.com\/wordpress\/wp-json\/wp\/v2\/pages\/2113","targetHints":{"allow":["GET"]}}],"collection":[{"href":"https:\/\/csbybaldaquino.com\/wordpress\/wp-json\/wp\/v2\/pages"}],"about":[{"href":"https:\/\/csbybaldaquino.com\/wordpress\/wp-json\/wp\/v2\/types\/page"}],"author":[{"embeddable":true,"href":"https:\/\/csbybaldaquino.com\/wordpress\/wp-json\/wp\/v2\/users\/3"}],"replies":[{"embeddable":true,"href":"https:\/\/csbybaldaquino.com\/wordpress\/wp-json\/wp\/v2\/comments?post=2113"}],"version-history":[{"count":4,"href":"https:\/\/csbybaldaquino.com\/wordpress\/wp-json\/wp\/v2\/pages\/2113\/revisions"}],"predecessor-version":[{"id":2758,"href":"https:\/\/csbybaldaquino.com\/wordpress\/wp-json\/wp\/v2\/pages\/2113\/revisions\/2758"}],"wp:attachment":[{"href":"https:\/\/csbybaldaquino.com\/wordpress\/wp-json\/wp\/v2\/media?parent=2113"}],"curies":[{"name":"wp","href":"https:\/\/api.w.org\/{rel}","templated":true}]}}